ue
Is 27073621 a composite number?
True
Is 6144349 a composite number?
False
Is 119668067 prime?
True
Is 34128623 a composite number?
False
Is 444098719 composite?
True
Is 115793 a prime number?
True
Is 473299811 a prime number?
True
Is 390046157 a composite number?
False
Is 64676221 composite?
False
Is 14131237 a composite number?
False
Is 106403317 a composite number?
False
Is 6667333 a prime number?
False
Is 5449721 a composite number?
False
Is 199628071 prime?
False
Is 230799737 prime?
False
Is 2660239 a prime number?
False
Is 1524059 prime?
True
Is 300801 composite?
True
Is 16817026 prime?
False
Is 10561357 prime?
False
Is 1202069 a prime number?
False
Is 73348043 composite?
True
Is 6553003 composite?
False
Is 3330517 a composite number?
True
Is 2730109 composite?
False
Is 73893371 a composite number?
True
Is 5889907 a prime number?
False
Is 33866731 a prime number?
True
Is 4091 a prime number?
True
Is 14490323 composite?
False
Is 41589929 a prime number?
True
Is 2216741 composite?
True
Is 17194811 a composite number?
False
Is 385620317 a prime number?
True
Is 10179833 a prime number?
True
Is 271586269 a composite number?
False
Is 38098987 a prime number?
True
Is 5312897 prime?
True
Is 195961 composite?
True
Is 61638749 prime?
True
Is 1616429 a prime number?
True
Is 104737261 prime?
False
Is 22277927 composite?
True
Is 38768287 prime?
False
Is 802495 a composite number?
True
Is 1731349 prime?
True
Is 101918473 composite?
False
Is 430411 composite?
False
Is 10244977 a composite number?
False
Is 1276579 a composite number?
False
Is 100847171 composite?
False
Is 33764459 prime?
True
Is 232376513 composite?
True
Is 1233443 a prime number?
False
Is 10037561 prime?
True
Is 25504027 composite?
False
Is 8461277 a composite number?
True
Is 7381691 composite?
False
Is 80145634 a composite number?
True
Is 28121357 prime?
False
Is 4613683 prime?
True
Is 62506609 a composite number?
True
Is 61160257 a composite number?
True
Is 94008247 a composite number?
False
Is 7597823 a composite number?
False
Is 89653 a prime number?
True
Is 5369237 a composite number?
True
Is 15015799 a prime number?
False
Is 1253722 a composite number?
True
Is 6005513 composite?
True
Is 216877 a composite number?
False
Is 25854361 a composite number?
True
Is 3075679 a prime number?
True
Is 52693519 a prime number?
True
Is 782429 a composite number?
False
Is 138303767 a prime number?
False
Is 297883461 a composite number?
True
Is 171045023 a composite number?
False
Is 4938509 a composite number?
False
Is 161750707 a composite number?
False
Is 3991937 a prime number?
False
Is 284715511 a prime number?
False
Is 174745303 a composite number?
True
Is 27726821 prime?
True
Is 26646853 composite?
True
Is 11956891 a composite number?
True
Is 1711681 a prime number?
False
Is 42230191 composite?
False
Is 1740103 prime?
False
Is 4178665 prime?
False
Is 912293 a prime number?
False
Is 1993921 a composite number?
False
Is 4702409 prime?
True
Is 863479 a prime number?
True
Is 613430179 composite?
False
Is 41958143 prime?
False
Is 21856451 a prime number?
True
Is 15904547 a composite number?
True
Is 26298359 a prime number?
True
Is 8252309 a prime number?
False
Is 949579 prime?
False
Is 944773 a prime number?
True
Is 44303047 a composite number?
False
Is 2681611 composite?
False
Is 115354921 prime?
False
Is 18144047 composite?
True
Is 1705864165 prime?
False
Is 15658801 a prime number?
True
Is 1262173 prime?
False
Is 13739749 prime?
False
Is 53319815 a composite number?
True
Is 14835287 a prime number?
True
Is 7076117 a composite number?
True
Is 75448859 a composite number?
True
Is 2804645 a prime number?
False
Is 142017857 a composite number?
False
Is 28353817 a prime number?
True
Is 18362023 a composite number?
True
Is 1213517 composite?
False
Is 22137727 a composite number?
False
Is 49397 a composite number?
True
Is 3056759 a composite number?
False
Is 38402647 composite?
False
Is 745236005 prime?
False
Is 5228473 a composite number?
False
Is 22071949 prime?
False
Is 7057021 composite?
True
Is 29873099 a prime number?
True
Is 22066321 a prime number?
True
Is 5178541 a composite number?
False
Is 1122491 composite?
False
Is 1120693171 composite?
True
Is 14996831 a composite number?
False
Is 2941177 prime?
False
Is 5854117 a composite number?
True
Is 6568589 prime?
True
Is 5643217 composite?
False
Is 3849737 a prime number?
True
Is 13325899 a prime number?
False
Is 133769 prime?
True
Is 46627 a composite number?
True
Is 7914037 prime?
True
Is 82770793 composite?
True
Is 38178691 prime?
False
Is 791969 a prime number?
True
Is 3506929 prime?
True
Is 4087297 composite?
False
Is 1286059 a prime number?
False
Is 1304727 prime?
False
Is 510271 a prime number?
True
Is 20813599 a composite number?
False
Is 30335099 a composite number?
False
Is 10953067 composite?
False
Is 24575743 composite?
False
Is 33177737 composite?
True
Is 5513621 a prime number?
False
Is 324163 composite?
True
Is 9029291 prime?
True
Is 5977537 a prime number?
False
Is 11723419 prime?
True
Is 13218397 a composite number?
False
Is 2385907 a prime number?
True
Is 874711102 prime?
False
Is 3493403 prime?
True
Is 30525879 a prime number?
False
Is 371057 a composite number?
False
Is 8499547 a prime number?
False
Is 486473401 prime?
True
Is 393619 a composite number?
True
Is 770887493 prime?
False
Is 22517711 prime?
True
Is 5112811 a prime number?
False
Is 3435007 a composite number?
False
Is 967171 prime?
True
Is 245448857 prime?
True
Is 79570697 composite?
False
Is 11156287 prime?
False
Is 69336823 prime?
True
Is 2839601 composite?
False
Is 850387 prime?
True
Is 188030041 a composite number?
True
Is 158221741 a composite number?
True
Is 14790157 prime?
True
Is 14669467 composite?
False
Is 147752201 composite?
True
Is 3943061 prime?
True
Is 4481 a composite number?
False
Is 95968801 prime?
False
Is 5748473 composite?
False
Is 16127933 prime?
False
Is 691231 a composite number?
False
Is 22180069 a composite number?
True
Is 1879991 a composite number?
True
Is 25597667 prime?
True
Is 2497541 a prime number?
True
Is 46399051 composite?
False
Is 37547435 prime?
False
Is 52803463 prime?
True
Is 102492653 prime?
True
Is 51993523 prime?
True
Is 1548503 a composite number?
True
Is 604845481 a composite number?
True
Is 447372863 composite?
True
Is 6543833 prime?
True
Is 23477801 composite?
False
Is 45482413 a prime number?
True
Is 255526835 a composite number?
True
Is 1583566 a composite number?
True
Is 172103 a prime number?
False
Is 21241453 composite?
False
Is 1230654471 a composite number?
True
Is 560437 composite?
False
Is 2788693 composite?
False
Is 560929 prime?
True
Is 934633 a prime number?
False
Is 5213941 composite?
False
Is 20011379 a composite number?
True
Is 20834897 prime?
False
Is 12743713 prime?
True
Is 308405 a composite number?
True
Is 2403599 composite?
True
Is 1698139 a prime number?
True
Is 6671965 a composite number?
True
Is 130925897 a prime number?
False
Is 15633901 a composite number?
False
Is 128817943 a prime number?
True
Is 9477089 prime?
False
Is 11800589 a prime number?
True
Is 731674 a composite number?
True
Is 1058205971 a prime number?
True
Is 7690259 a composite number?
False
Is 401498039 a composite number?
False
Is 254335717 prime?
True
Is 91639981 a prime number?
False
Is 35722513 prime?
False
Is 29906341 a composite number?
True
Is 1854569 prime?
False
Is 8820221 a prime number?
True
Is 21688903 composite?
False
Is 41889271 prime?
False
Is 92425051 a prime number?
False
Is 14611235 composite?
True
Is 41971451 a composite number?
False
Is 13470659 composite?
True
Is 695081 composite?
False
Is 169439005 composite?
True
Is 778439 composite?
False
Is 281717 prime?
True
Is 1898723 a composite number?
True
Is 225341 a composite number?
False
Is 2969921 a composite number?
True
Is 232346669 prime?
True
Is 162836643 prime?
False
Is 855601 a prime number?
True
Is 67019839 a composite number?
True
Is 6405253 prime?
False
Is 34132157 a composite number?
True
Is 36709903 composite?
True
Is 1631471 composite?
False
Is 679885 composite?
True
Is 8078743 composite?
True
Is 38393 a prime number?
True
Is 42748619 composite?
False
Is 621217 a composite number?
False
Is 477209 prime?
True
Is 92255767 a prime number?
Fals